[INFO] cloning repository https://github.com/bjoernQ/esp32c3-async-rs-experiment
[INFO] running `Command { std: "git" "-c" "credential.helper=" "-c" "credential.helper=/workspace/cargo-home/bin/git-credential-null" "clone" "--bare" "https://github.com/bjoernQ/esp32c3-async-rs-experiment" "/workspace/cache/git-repos/https%3A%2F%2Fgithub.com%2FbjoernQ%2Fesp32c3-async-rs-experiment", kill_on_drop: false }`
[INFO] [stderr] Cloning into bare repository '/workspace/cache/git-repos/https%3A%2F%2Fgithub.com%2FbjoernQ%2Fesp32c3-async-rs-experiment'...
[INFO] running `Command { std: "git" "rev-parse" "HEAD", kill_on_drop: false }`
[INFO] [stdout] 91323ed5269ee56fa71593f405f91f679f77ed80
[INFO] checking bjoernQ/esp32c3-async-rs-experiment against master#e6e4f7ed1589e03bc2f6c5931c1a72e7947e8682 for beta-170-4
[INFO] running `Command { std: "git" "clone" "/workspace/cache/git-repos/https%3A%2F%2Fgithub.com%2FbjoernQ%2Fesp32c3-async-rs-experiment" "/workspace/builds/worker-6-tc2/source", kill_on_drop: false }`
[INFO] [stderr] Cloning into '/workspace/builds/worker-6-tc2/source'...
[INFO] [stderr] done.
[INFO] validating manifest of git repo https://github.com/bjoernQ/esp32c3-async-rs-experiment on toolchain e6e4f7ed1589e03bc2f6c5931c1a72e7947e8682
[INFO] running `Command { std: CARGO_HOME="/workspace/cargo-home" RUSTUP_HOME="/workspace/rustup-home" "/workspace/cargo-home/bin/cargo" "+e6e4f7ed1589e03bc2f6c5931c1a72e7947e8682" "metadata" "--manifest-path" "Cargo.toml" "--no-deps", kill_on_drop: false }`
[INFO] removed /workspace/builds/worker-6-tc2/source/.cargo/config.toml
[INFO] removed /workspace/builds/worker-6-tc2/source/rust-toolchain.toml
[INFO] started tweaking git repo https://github.com/bjoernQ/esp32c3-async-rs-experiment
[INFO] finished tweaking git repo https://github.com/bjoernQ/esp32c3-async-rs-experiment
[INFO] tweaked toml for git repo https://github.com/bjoernQ/esp32c3-async-rs-experiment written to /workspace/builds/worker-6-tc2/source/Cargo.toml
[INFO] crate git repo https://github.com/bjoernQ/esp32c3-async-rs-experiment already has a lockfile, it will not be regenerated
[INFO] running `Command { std: CARGO_HOME="/workspace/cargo-home" RUSTUP_HOME="/workspace/rustup-home" "/workspace/cargo-home/bin/cargo" "+e6e4f7ed1589e03bc2f6c5931c1a72e7947e8682" "fetch" "--manifest-path" "Cargo.toml", kill_on_drop: false }`
[INFO] running `Command { std: "docker" "create" "-v" "/var/lib/crater-agent-workspace/builds/worker-6-tc2/target:/opt/rustwide/target:rw,Z" "-v" "/var/lib/crater-agent-workspace/builds/worker-6-tc2/source:/opt/rustwide/workdir:ro,Z" "-v" "/var/lib/crater-agent-workspace/cargo-home:/opt/rustwide/cargo-home:ro,Z" "-v" "/var/lib/crater-agent-workspace/rustup-home:/opt/rustwide/rustup-home:ro,Z" "-e" "SOURCE_DIR=/opt/rustwide/workdir" "-e" "CARGO_TARGET_DIR=/opt/rustwide/target" "-e" "CARGO_HOME=/opt/rustwide/cargo-home" "-e" "RUSTUP_HOME=/opt/rustwide/rustup-home" "-w" "/opt/rustwide/workdir" "-m" "1610612736" "--user" "0:0" "--network" "none" "ghcr.io/rust-lang/crates-build-env/linux@sha256:19e73879b68f455e41552ea35293514db52ea292d993f571636dbffedb77a1ee" "/opt/rustwide/cargo-home/bin/cargo" "+e6e4f7ed1589e03bc2f6c5931c1a72e7947e8682" "metadata" "--no-deps" "--format-version=1", kill_on_drop: false }`
[INFO] [stdout] 37c76ee612201f10a558a6b31832efcc9e1981f06333662aebbaf8ff4e4cc175
[INFO] running `Command { std: "docker" "start" "-a" "37c76ee612201f10a558a6b31832efcc9e1981f06333662aebbaf8ff4e4cc175", kill_on_drop: false }`
[INFO] running `Command { std: "docker" "inspect" "37c76ee612201f10a558a6b31832efcc9e1981f06333662aebbaf8ff4e4cc175", kill_on_drop: false }`
[INFO] running `Command { std: "docker" "rm" "-f" "37c76ee612201f10a558a6b31832efcc9e1981f06333662aebbaf8ff4e4cc175", kill_on_drop: false }`
[INFO] [stdout] 37c76ee612201f10a558a6b31832efcc9e1981f06333662aebbaf8ff4e4cc175
[INFO] running `Command { std: "docker" "create" "-v" "/var/lib/crater-agent-workspace/builds/worker-6-tc2/target:/opt/rustwide/target:rw,Z" "-v" "/var/lib/crater-agent-workspace/builds/worker-6-tc2/source:/opt/rustwide/workdir:ro,Z" "-v" "/var/lib/crater-agent-workspace/cargo-home:/opt/rustwide/cargo-home:ro,Z" "-v" "/var/lib/crater-agent-workspace/rustup-home:/opt/rustwide/rustup-home:ro,Z" "-e" "SOURCE_DIR=/opt/rustwide/workdir" "-e" "CARGO_TARGET_DIR=/opt/rustwide/target" "-e" "CARGO_INCREMENTAL=0" "-e" "RUST_BACKTRACE=full" "-e" "RUSTFLAGS=--cap-lints=forbid" "-e" "RUSTDOCFLAGS=--cap-lints=forbid" "-e" "CARGO_HOME=/opt/rustwide/cargo-home" "-e" "RUSTUP_HOME=/opt/rustwide/rustup-home" "-w" "/opt/rustwide/workdir" "-m" "1610612736" "--user" "0:0" "--network" "none" "ghcr.io/rust-lang/crates-build-env/linux@sha256:19e73879b68f455e41552ea35293514db52ea292d993f571636dbffedb77a1ee" "/opt/rustwide/cargo-home/bin/cargo" "+e6e4f7ed1589e03bc2f6c5931c1a72e7947e8682" "check" "--frozen" "--all" "--all-targets" "--message-format=json", kill_on_drop: false }`
[INFO] [stdout] 6f4aa09c1319befde0d719f2d2b10de515fca2b0fba427bf569f2e6d75d1db4f
[INFO] running `Command { std: "docker" "start" "-a" "6f4aa09c1319befde0d719f2d2b10de515fca2b0fba427bf569f2e6d75d1db4f", kill_on_drop: false }`
[INFO] [stderr]    Compiling memchr v2.5.0
[INFO] [stderr]    Compiling proc-macro2 v1.0.42
[INFO] [stderr]    Compiling unicode-ident v1.0.2
[INFO] [stderr]    Compiling quote v1.0.20
[INFO] [stderr]    Compiling syn v1.0.98
[INFO] [stderr]     Checking nb v1.0.0
[INFO] [stderr]     Checking bare-metal v1.0.0
[INFO] [stderr]     Checking bit_field v0.10.1
[INFO] [stderr]    Compiling riscv v0.8.0
[INFO] [stderr]     Checking void v1.0.2
[INFO] [stderr]     Checking r0 v1.0.0
[INFO] [stderr]    Compiling ident_case v1.0.1
[INFO] [stderr]    Compiling semver v1.0.12
[INFO] [stderr]    Compiling strsim v0.10.0
[INFO] [stderr]    Compiling proc-macro2 v0.4.30
[INFO] [stderr]    Compiling futures-core v0.3.21
[INFO] [stderr]    Compiling unicode-xid v0.1.0
[INFO] [stderr]    Compiling esp32c3 v0.4.0 (https://github.com/esp-rs/esp-pacs.git?branch=with_source#a014abd3)
[INFO] [stderr]     Checking nb v0.1.3
[INFO] [stderr]    Compiling rand_core v0.4.2
[INFO] [stderr]     Checking embedded-hal v0.2.7
[INFO] [stderr]    Compiling futures-task v0.3.21
[INFO] [stderr]    Compiling syn v0.15.44
[INFO] [stderr]     Checking gcd v2.1.0
[INFO] [stderr]    Compiling lock_api v0.4.7
[INFO] [stderr]    Compiling rand_core v0.3.1
[INFO] [stderr]    Compiling futures-util v0.3.21
[INFO] [stderr]     Checking scopeguard v1.1.0
[INFO] [stderr]     Checking futures-sink v0.3.21
[INFO] [stderr]     Checking vcell v0.1.3
[INFO] [stderr]    Compiling futures-channel v0.3.21
[INFO] [stderr]    Compiling esp-hal-common v0.1.0 (https://github.com/esp-rs/esp-hal.git#224e84d9)
[INFO] [stderr]    Compiling esp-println v0.2.1
[INFO] [stderr]    Compiling rand v0.5.6
[INFO] [stderr]     Checking fugit v0.3.6
[INFO] [stderr]     Checking embedded-hal v1.0.0-alpha.8
[INFO] [stderr]    Compiling esp-backtrace v0.1.0 (https://github.com/esp-rs/esp-backtrace#f01ab916)
[INFO] [stderr]    Compiling esp-println v0.2.1 (https://github.com/esp-rs/esp-println#d2425f71)
[INFO] [stderr]    Compiling esp32c3-hal v0.1.0 (https://github.com/esp-rs/esp-hal.git#224e84d9)
[INFO] [stderr]     Checking byteorder v1.4.3
[INFO] [stderr]     Checking futures-io v0.3.21
[INFO] [stderr]    Compiling aho-corasick v0.7.18
[INFO] [stderr]     Checking spin v0.9.4
[INFO] [stderr]     Checking stable_deref_trait v1.2.0
[INFO] [stderr]     Checking embedded-hal-async v0.1.0-alpha.1
[INFO] [stdout] error[E0658]: `impl Trait` in associated types is unstable
[INFO] [stdout]    --> /opt/rustwide/cargo-home/registry/src/index.crates.io-6f17d22bba15001f/embedded-hal-async-0.1.0-alpha.1/src/spi.rs:384:45
[INFO] [stdout]     |
[INFO] [stdout] 384 |     type TransactionFuture<'a, R, F, Fut> = impl Future<Output = Result<R, Self::Error>>
[INFO] [stdout]     |                                             ^^^^^^^^^^^^^^^^^^^^^^^^^^^^^^^^^^^^^^^^^^^^
[INFO] [stdout]     |
[INFO] [stdout]     = note: see issue #63063 <https://github.com/rust-lang/rust/issues/63063> for more information
[INFO] [stdout]     = help: add `#![feature(impl_trait_in_assoc_type)]` to the crate attributes to enable
[INFO] [stdout] 
[INFO] [stdout] 
[INFO] [stderr]     Checking hash32 v0.2.1
[INFO] [stderr]    Compiling rustc_version v0.4.0
[INFO] [stdout] error[E0700]: hidden type for `ReadFuture<'a, Self, Word>` captures lifetime that does not appear in bounds
[INFO] [stdout]   --> /opt/rustwide/cargo-home/registry/src/index.crates.io-6f17d22bba15001f/embedded-hal-async-0.1.0-alpha.1/src/spi.rs:87:9
[INFO] [stdout]    |
[INFO] [stdout] 15 |   = impl Future<Output = Result<(), T::Error>>;
[INFO] [stdout]    |     ------------------------------------------ opaque type defined here
[INFO] [stdout] ...
[INFO] [stdout] 82 |       fn read<'a, Word>(&'a mut self, buf: &'a mut [Word]) -> ReadFuture<'a, Self, Word>
[INFO] [stdout]    |               -- hidden type `<Self as spi::SpiDevice>::TransactionFuture<'a, (), [closure@/opt/rustwide/cargo-home/registry/src/index.crates.io-6f17d22bba15001f/embedded-hal-async-0.1.0-alpha.1/src/spi.rs:87:26: 87:36], [async block@/opt/rustwide/cargo-home/registry/src/index.crates.io-6f17d22bba15001f/embedded-hal-async-0.1.0-alpha.1/src/spi.rs:87:37: 91:10]>` captures the lifetime `'a` as defined here
[INFO] [stdout] ...
[INFO] [stdout] 87 | /         self.transaction(move |bus| async move {
[INFO] [stdout] 88 | |             // safety: `bus` is a valid pointer we're allowed to use for the duration of the closure.
[INFO] [stdout] 89 | |             let bus = unsafe { &mut *bus };
[INFO] [stdout] 90 | |             bus.read(buf).await
[INFO] [stdout] 91 | |         })
[INFO] [stdout]    | |__________^
[INFO] [stdout] 
[INFO] [stdout] 
[INFO] [stdout] error[E0700]: hidden type for `WriteFuture<'a, Self, Word>` captures lifetime that does not appear in bounds
[INFO] [stdout]    --> /opt/rustwide/cargo-home/registry/src/index.crates.io-6f17d22bba15001f/embedded-hal-async-0.1.0-alpha.1/src/spi.rs:104:9
[INFO] [stdout]     |
[INFO] [stdout] 22  |   = impl Future<Output = Result<(), T::Error>>;
[INFO] [stdout]     |     ------------------------------------------ opaque type defined here
[INFO] [stdout] ...
[INFO] [stdout] 99  |       fn write<'a, Word>(&'a mut self, buf: &'a [Word]) -> WriteFuture<'a, Self, Word>
[INFO] [stdout]     |                -- hidden type `<Self as spi::SpiDevice>::TransactionFuture<'a, (), [closure@/opt/rustwide/cargo-home/registry/src/index.crates.io-6f17d22bba15001f/embedded-hal-async-0.1.0-alpha.1/src/spi.rs:104:26: 104:36], [async block@/opt/rustwide/cargo-home/registry/src/index.crates.io-6f17d22bba15001f/embedded-hal-async-0.1.0-alpha.1/src/spi.rs:104:37: 108:10]>` captures the lifetime `'a` as defined here
[INFO] [stdout] ...
[INFO] [stdout] 104 | /         self.transaction(move |bus| async move {
[INFO] [stdout] 105 | |             // safety: `bus` is a valid pointer we're allowed to use for the duration of the closure.
[INFO] [stdout] 106 | |             let bus = unsafe { &mut *bus };
[INFO] [stdout] 107 | |             bus.write(buf).await
[INFO] [stdout] 108 | |         })
[INFO] [stdout]     | |__________^
[INFO] [stdout] 
[INFO] [stdout] 
[INFO] [stdout] error[E0700]: hidden type for `TransferFuture<'a, Self, Word>` captures lifetime that does not appear in bounds
[INFO] [stdout]    --> /opt/rustwide/cargo-home/registry/src/index.crates.io-6f17d22bba15001f/embedded-hal-async-0.1.0-alpha.1/src/spi.rs:125:9
[INFO] [stdout]     |
[INFO] [stdout] 29  |   = impl Future<Output = Result<(), T::Error>>;
[INFO] [stdout]     |     ------------------------------------------ opaque type defined here
[INFO] [stdout] ...
[INFO] [stdout] 116 |       fn transfer<'a, Word>(
[INFO] [stdout]     |                   -- hidden type `<Self as spi::SpiDevice>::TransactionFuture<'a, (), [closure@/opt/rustwide/cargo-home/registry/src/index.crates.io-6f17d22bba15001f/embedded-hal-async-0.1.0-alpha.1/src/spi.rs:125:26: 125:36], [async block@/opt/rustwide/cargo-home/registry/src/index.crates.io-6f17d22bba15001f/embedded-hal-async-0.1.0-alpha.1/src/spi.rs:125:37: 129:10]>` captures the lifetime `'a` as defined here
[INFO] [stdout] ...
[INFO] [stdout] 125 | /         self.transaction(move |bus| async move {
[INFO] [stdout] 126 | |             // safety: `bus` is a valid pointer we're allowed to use for the duration of the closure.
[INFO] [stdout] 127 | |             let bus = unsafe { &mut *bus };
[INFO] [stdout] 128 | |             bus.transfer(read, write).await
[INFO] [stdout] 129 | |         })
[INFO] [stdout]     | |__________^
[INFO] [stdout] 
[INFO] [stdout] 
[INFO] [stdout] error[E0700]: hidden type for `TransferInPlaceFuture<'a, Self, Word>` captures lifetime that does not appear in bounds
[INFO] [stdout]    --> /opt/rustwide/cargo-home/registry/src/index.crates.io-6f17d22bba15001f/embedded-hal-async-0.1.0-alpha.1/src/spi.rs:145:9
[INFO] [stdout]     |
[INFO] [stdout] 36  |   = impl Future<Output = Result<(), T::Error>>;
[INFO] [stdout]     |     ------------------------------------------ opaque type defined here
[INFO] [stdout] ...
[INFO] [stdout] 137 |       fn transfer_in_place<'a, Word>(
[INFO] [stdout]     |                            -- hidden type `<Self as spi::SpiDevice>::TransactionFuture<'a, (), [closure@/opt/rustwide/cargo-home/registry/src/index.crates.io-6f17d22bba15001f/embedded-hal-async-0.1.0-alpha.1/src/spi.rs:145:26: 145:36], [async block@/opt/rustwide/cargo-home/registry/src/index.crates.io-6f17d22bba15001f/embedded-hal-async-0.1.0-alpha.1/src/spi.rs:145:37: 149:10]>` captures the lifetime `'a` as defined here
[INFO] [stdout] ...
[INFO] [stdout] 145 | /         self.transaction(move |bus| async move {
[INFO] [stdout] 146 | |             // safety: `bus` is a valid pointer we're allowed to use for the duration of the closure.
[INFO] [stdout] 147 | |             let bus = unsafe { &mut *bus };
[INFO] [stdout] 148 | |             bus.transfer_in_place(buf).await
[INFO] [stdout] 149 | |         })
[INFO] [stdout]     | |__________^
[INFO] [stdout] 
[INFO] [stdout] 
[INFO] [stdout] error[E0700]: hidden type for `<spi::ExclusiveDevice<BUS, CS> as spi::SpiDevice>::TransactionFuture<'a, R, F, Fut>` captures lifetime that does not appear in bounds
[INFO] [stdout]    --> /opt/rustwide/cargo-home/registry/src/index.crates.io-6f17d22bba15001f/embedded-hal-async-0.1.0-alpha.1/src/spi.rs:395:9
[INFO] [stdout]     |
[INFO] [stdout] 384 |       type TransactionFuture<'a, R, F, Fut> = impl Future<Output = Result<R, Self::Error>>
[INFO] [stdout]     |                                               -------------------------------------------- opaque type defined here
[INFO] [stdout] ...
[INFO] [stdout] 389 |       fn transaction<'a, R, F, Fut>(&'a mut self, f: F) -> Self::TransactionFuture<'a, R, F, Fut>
[INFO] [stdout]     |                      -- hidden type `[async block@/opt/rustwide/cargo-home/registry/src/index.crates.io-6f17d22bba15001f/embedded-hal-async-0.1.0-alpha.1/src/spi.rs:395:9: 409:10]` captures the lifetime `'a` as defined here
[INFO] [stdout] ...
[INFO] [stdout] 395 | /         async move {
[INFO] [stdout] 396 | |             self.cs.set_low().map_err(ExclusiveDeviceError::Cs)?;
[INFO] [stdout] 397 | |
[INFO] [stdout] 398 | |             let f_res = f(&mut self.bus).await;
[INFO] [stdout] ...   |
[INFO] [stdout] 408 | |             Ok(f_res)
[INFO] [stdout] 409 | |         }
[INFO] [stdout]     | |_________^
[INFO] [stdout] 
[INFO] [stdout] 
[INFO] [stdout] error: aborting due to 6 previous errors
[INFO] [stdout] 
[INFO] [stdout] 
[INFO] [stdout] Some errors have detailed explanations: E0658, E0700.
[INFO] [stdout] 
[INFO] [stdout] For more information about an error, try `rustc --explain E0658`.
[INFO] [stdout] 
[INFO] [stderr] error: could not compile `embedded-hal-async` (lib) due to 7 previous errors
[INFO] [stderr] warning: build failed, waiting for other jobs to finish...
[INFO] [stdout] error[E0583]: file not found for module `arch`
[INFO] [stdout]  --> /opt/rustwide/cargo-home/git/checkouts/esp-backtrace-eaa21176310f5c0a/f01ab91/src/lib.rs:8:1
[INFO] [stdout]   |
[INFO] [stdout] 8 | pub mod arch;
[INFO] [stdout]   | ^^^^^^^^^^^^^
[INFO] [stdout]   |
[INFO] [stdout]   = help: to create the module `arch`, create file "/opt/rustwide/cargo-home/git/checkouts/esp-backtrace-eaa21176310f5c0a/f01ab91/src/arch.rs" or "/opt/rustwide/cargo-home/git/checkouts/esp-backtrace-eaa21176310f5c0a/f01ab91/src/arch/mod.rs"
[INFO] [stdout] 
[INFO] [stdout] 
[INFO] [stdout] error[E0425]: cannot find function `backtrace` in module `crate::arch`
[INFO] [stdout]   --> /opt/rustwide/cargo-home/git/checkouts/esp-backtrace-eaa21176310f5c0a/f01ab91/src/lib.rs:17:34
[INFO] [stdout]    |
[INFO] [stdout] 17 |     let backtrace = crate::arch::backtrace();
[INFO] [stdout]    |                                  ^^^^^^^^^ not found in `crate::arch`
[INFO] [stdout] 
[INFO] [stdout] 
[INFO] [stdout] error: aborting due to 2 previous errors
[INFO] [stdout] 
[INFO] [stdout] 
[INFO] [stdout] Some errors have detailed explanations: E0425, E0583.
[INFO] [stdout] 
[INFO] [stdout] For more information about an error, try `rustc --explain E0425`.
[INFO] [stdout] 
[INFO] [stderr] error: could not compile `esp-backtrace` (lib) due to 3 previous errors
[INFO] running `Command { std: "docker" "inspect" "6f4aa09c1319befde0d719f2d2b10de515fca2b0fba427bf569f2e6d75d1db4f", kill_on_drop: false }`
[INFO] running `Command { std: "docker" "rm" "-f" "6f4aa09c1319befde0d719f2d2b10de515fca2b0fba427bf569f2e6d75d1db4f", kill_on_drop: false }`
[INFO] [stdout] 6f4aa09c1319befde0d719f2d2b10de515fca2b0fba427bf569f2e6d75d1db4f
